o + 785, 4*c + 5*o + 602 + 441 = 0. Let k = c - -476. What are the prime factors of k?
2, 107
Let o(f) = -70*f + 5. Let j be o(-10). Suppose -9*x + j = -168. What are the prime factors of x?
97
Suppose -3*j - 91 + 283 = 0. Suppose 0 = p + 6 + 29. Let b = j + p. What are the prime factors of b?
29
Let m(i) = 3*i**3 - 6*i**2 + 8*i + 4. Let j be ((-2)/4 + 1)*(2 - -6). List the prime factors of m(j).
2, 3, 11
Let a(u) = -2*u**3 + 2*u. Let p be a(-3). List the prime factors of (-2)/(-6) + (-88)/p*-86.
2, 79
Let q = 73 + -71. Suppose 0 = 4*t - 7*t + 3*s + 297, t - q*s - 100 = 0. List the prime factors of t.
2, 7
Suppose 0 = 3*l, 2*j - l + 23 = -15. Let v(b) = b**2 + 18*b + 16. What are the prime factors of v(j)?
5, 7
Suppose 4*x + 3*m - 367 = 8*m, 275 = 3*x - 4*m. Let j = x - 28. What are the prime factors of j?
5, 13
Let m = -41 + 37. Let x be 2/(-6) + 212/(-12). Let b = m - x. List the prime factors of b.
2, 7
Suppose 7*r - 2*r + d = -457, 2*r + 184 = -d. Let p be ((-39)/r)/(2/14). What are the prime factors of -20*8/(-60)*p?
2
Let r = 13 + -11. Suppose -r*l = 2*l - 120. Suppose -l = -3*w + w + 4*x, w - x = 10. What are the prime factors of w?
5
Let x = 8 - -8. What are the prime factors of (1 + 0)*(x - -13)?
29
Let h(g) = -g**3 + g**2 - 1. Let z(b) = -2*b**3 - 5*b**2 - b - 8. Let r(j) = h(j) - z(j). Let u be r(-6). What are the prime factors of 2 - (-8 - 0)/u?
2, 5
Suppose 9*d = 6*d + 1320. Suppose 0 = -7*l + 50 + d. What are the prime factors of l?
2, 5, 7
What are the prime factors of 1*7 - (-132230)/70?
2, 3, 79
Suppose 0 = 5*o - b - 19, 5*o + 3*b = b + 7. Suppose -o*z = -2*f - 583, -5*z - 5*f + 212 + 793 = 0. List the prime factors of z.
197
Let r(q) = -q**3 - 19*q**2 + 38*q + 12. What are the prime factors of r(-21)?
2, 3
Let r = 23 - 35. List the prime factors of 2/r + (-344)/(-48).
7
Let o be (-2 - -2 - 6/9)*-114. Let a = o - -23. List the prime factors of a.
3, 11
Suppose -2*h - 1022 = -3*t, 3*h = 4*t - 0*h - 1363. Suppose -5*l + 264 = -3*q - 271, -2*q + t = 3*l. List the prime factors of l.
2, 5, 11
Let o(q) = 6*q - 21. Let g be o(-6). Let a = 62 + g. What are the prime factors of a?
5
Let v be (0 - 33/(-2))*540/81. Suppose a = 5*x - 3*a - 261, 2*x + 4*a = v. What are the prime factors of x?
53
Suppose 570 = 287*y - 282*y. List the prime factors of y.
2, 3, 19
Let o(f) = -2*f - 13. Let k be o(-8). What are the prime factors of 39 + 5/(-15)*k?
2, 19
Let j = -590 + 2442. What are the prime factors of j?
2, 463
Suppose 3338 = 2*t - 2418. List the prime factors of t.
2, 1439
Let o be (-3348)/(-18)*(-1)/(-2). Suppose 6*n - o = 105. What are the prime factors of n?
3, 11
Suppose 37 - 22 = 3*u. Suppose -u*o = 17*o - 5588. List the prime factors of o.
2, 127
Let y = 9 + -7. Let w be (-1)/((-4)/(y + 14)). List the prime factors of (84 + 0)/3 - w.
2, 3
Let o(z) = -z**3 + 9*z**2 - 9*z + 8. Let l be o(8). Suppose l = 4*u - 3*h - 108, 0*u - 4*u + 2*h = -104. Suppose -3*i - u = -6*i. List the prime factors of i.
2
Suppose -18 = -2*u - 422. Let j = u + 292. What are the prime factors of j?
2, 3, 5
Let d(c) = 12*c**2 - 9*c - 26. List the prime factors of d(5).
229
Suppose 0 = -5*k - 3*o + 27891, -27887 = -12*k + 7*k - o. List the prime factors of k.
3, 11, 13
Let y(w) = w**3 + 10*w**2 - 2*w - 36. What are the prime factors of y(5)?
7, 47
Let u(h) = h**3 + 34*h**2 + 44*h + 10. Let q be u(-32). Let f = -436 + q. List the prime factors of f.
2, 107
Let v(y) be the second derivative of -y**4/12 + 7*y**3/6 - 8*y**2 + 4*y. Let l be v(7). Let u(o) = -o**2 - 19*o - 20. List the prime factors of u(l).
2, 7
Let y(g) be the first derivative of 2*g - 1/2*g**2 - 6. What are the prime factors of y(-7)?
3
Let k = -37 - -52. Suppose -k*z + 80 = -11*z. List the prime factors of z.
2, 5
Let b = -1949 + 3639. List the prime factors of b.
2, 5, 13
Let y be (429/(-12))/((-2)/48). Suppose -c - y = -7*c. List the prime factors of c.
11, 13
Suppose 7*i = 11*i - 6732. List the prime factors of i.
3, 11, 17
Let r(f) = 13 - 6 + 7 + 4*f. What are the prime factors of r(12)?
2, 31
Let t be (2 - (-2 - -5))*-4. Let f be ((-2)/t)/((-3)/(-6)). What are the prime factors of f/(-1) - (1 + -23)?
23
Suppose 0*b = -2*b + 10. Suppose -6 = -2*s, b*s - 174 = -4*z + 529. What are the prime factors of z?
2, 43
Let d(v) = 2*v**3 - 121*v**2 + 92*v - 64. What are the prime factors of d(60)?
2, 29
Suppose 5866 = -3*v + 52591. List the prime factors of v/63 - (-8)/(-36).
13, 19
Suppose 7*f = -5 + 243. What are the prime factors of f?
2, 17
Suppose 5*s = 4*b + 9, 3*s = -2*s + 25. Suppose 3*y - 2*u = 65, b*y - 2*u - 86 = u. List the prime factors of y.
23
What are the prime factors of (-355)/2*(-256)/80?
2, 71
Suppose -2 = 4*l - 10. Suppose 17 = l*i - 21. What are the prime factors of i?
19
Let o be (-1 + 2)/(3 - 2). Let w(a) = 3*a**2 - 10*a + 5. Let c be w(4). What are the prime factors of c - -2*(0 - o)?
11
Let p(y) = y + 46. What are the prime factors of p(-17)?
29
Let l(j) = -j - 16. Let o be l(-11). Let k(q) = -2*q**2 - 6*q + 7. Let r be k(o). What are the prime factors of (-5)/1*(-24 - r)?
5, 11
List the prime factors of 3 + 1656/6 - -8.
7, 41
Let g = 2073 + -839. List the prime factors of g.
2, 617
Suppose 5*j + 35 = -3*n, -35 = 3*j - n - 0*n. Let q(c) = -5*c + 29. List the prime factors of q(j).
79
Let t = 318 + -219. Let n = t - -6. Suppose -2*r - 3*r = -n. List the prime factors of r.
3, 7
Suppose 122*y - 103*y = 15143. What are the prime factors of y?
797
Let c(y) = -y**3 + 6*y**2 + 8*y - 9. Suppose 0 = -4*t + 2*t + 14. Let o be c(t). Let p = o + 11. List the prime factors of p.
3
Suppose d = 2*d - 60. Suppose 39 = k + 7. Let c = d - k. What are the prime factors of c?
2, 7
What are the prime factors of (-56 + 65)/(124/123 - 1)?
3, 41
Suppose 2*g + g + 102 = 0. Let k = g - -103. What are the prime factors of k?
3, 23
Let v(c) = 3*c**2 + c - 1. Let l(r) = -1 + r**2 + 0 + 2*r + 0*r**2 + 3*r**2. Let a(h) = -5*l(h) + 7*v(h). List the prime factors of a(-2).
2
Let l = 7383 - 4640. What are the prime factors of l?
13, 211
Suppose 4*n - 2 - 26 = 0. Suppose o = -2, 3*o - 54 = 2*c - n*c. List the prime factors of c.
2, 3
Let l(p) = 17*p - 2. Suppose 2*k = 3*o + 9 - 28, 5*o - 10 = -k. Let i be l(o). Suppose 5*x = -2*m - 0*m + i, x - 3 = 0. List the prime factors of m.
17
Let o be 2/(-7) - (-112)/49. What are the prime factors of (-73 - -3)*(-1)/o?
5, 7
Let z(k) = -2*k - 5*k + 0*k**2 + 5 + 2*k - k**2. Let u be z(-5). Suppose -u*p = -2*s - 112, -3*s + 140 = 5*p + 2*s. List the prime factors of p.
2, 3
Let r be (23 + (-6 - -9))/(2/4). Let b = 60 - r. List the prime factors of b.
2
Let i = -19 - -19. Suppose -3*a + 1 = 2*x - i*x, 3*a - 2*x = 17. Suppose v - b - 39 = 0, a*v + b - 83 = 26. List the prime factors of v.
37
Let a(o) = 796*o - 98. What are the prime factors of a(1)?
2, 349
Let q(j) = j**3 + 38*j**2 - 40*j - 160. List the prime factors of q(-38).
2, 5, 17
List the prime factors of (8/(-24))/(15/(-158535)).
13, 271
Let o = 3 - 8. Let c = 7 - o. Suppose c - 32 = -u. List the prime factors of u.
2, 5
Let y(v) = 57*v**2 + 6*v + 22. What are the prime factors of y(-3)?
11, 47
Suppose 0 = m + 4*s - 421, 3*s + 1231 - 13 = 3*m. What are the prime factors of m?
409
Let y(o) = 710*o**2 - 655*o**2 - 4*o + 5*o - 2. What are the prime factors of y(1)?
2, 3
Let p = 57 - 54. Suppose 22 + 38 = 4*f. Let b = f + p. What are the prime factors of b?
2, 3
Let s = -56 + 36. What are the prime factors of (-182)/6*(s + 17)?
7, 13
Suppose 145*l - 13985 = 140*l. What are the prime factors of l?
2797
Suppose 4*c - 20 = 0, -5*m + 2*c + c = -15. Let b be m - 7 - (-1 - 27). Suppose -b - 21 = -8*n. What are the prime factors of n?
2, 3
Let v be (28/10)/(12/60). Suppose v = -6*p + 7*p. List the prime factors of p.
2, 7
List the prime factors of ((-27)/12)/(-3)*20380/15.
1019
Let d(s) = -s + 27. Let l be d(-13). Suppose l - 280 = -2*b. List the prime factors of b.
2, 3, 5
Let d(v) = 100*v**2 + v. Let r be d(-1). Let b = r - 63. What are the prime factors of b?
2, 3
Suppose 4*i + 0*i + 3*z = 6797, 2*i - 3403 = 3*z. List the prime factors of i.
2, 5, 17
Let l(a) = a**2 + 13*a + 30. Let f be l(-12). What are the prime factors of (427/21)/(2/f)?
3, 61
Let o = 336 + -287. What are the prime factors of o?
7
Let h = -7 - -12. Sup